{"id":992,"date":"2018-06-28T00:07:56","date_gmt":"2018-06-28T03:07:56","guid":{"rendered":"https:\/\/isfd98-bue.infd.edu.ar\/sitio\/recursos-2\/"},"modified":"2021-04-17T18:46:17","modified_gmt":"2021-04-17T21:46:17","slug":"recursos-2","status":"publish","type":"page","link":"https:\/\/isfd98-bue.infd.edu.ar\/sitio\/recursos-2\/","title":{"rendered":"Recursos"},"content":{"rendered":"<p><a href=\"http:\/\/www.progresar.anses.gob.ar\/\" target=\"_blank\" rel=\"noopener\"><img decoding=\"async\" loading=\"lazy\" title=\"logo_progresar\" src=\"https:\/\/isfd98-bue.infd.edu.ar\/sitio\/wp-content\/uploads\/2018\/06\/logo_progresar_1680.png\" alt=\"logo_progresar\" width=\"207\" height=\"39\" border=\"0\" \/><\/a><\/p>\n<h3 class=\"harabara turquoise\"><a title=\"Progresar\" href=\"http:\/\/www.progresar.anses.gob.ar\/\" target=\"_blank\" rel=\"noopener\">Progresar, un nuevo derecho<\/a><\/h3>\n<p>PROGRESAR es un nuevo derecho que tienen los j\u00f3venes entre los 18 y 24 a\u00f1os que no trabajan, trabajan informalmente o tienen un salario menor al m\u00ednimo<\/p>\n<p><a href=\"http:\/\/www.jus.gob.ar\/derechoshumanos\" target=\"_blank\" rel=\"noopener\"><img decoding=\"async\" title=\"logosdh\" src=\"https:\/\/isfd98-bue.infd.edu.ar\/sitio\/wp-content\/uploads\/2018\/06\/logosdhweb.png\" alt=\"logosdh\" border=\"0\" \/><\/a><\/p>\n<h3><a href=\"http:\/\/www.jus.gob.ar\/derechoshumanos\" target=\"_blank\" rel=\"noopener\">Secretar\u00eda de Derechos Humanos<\/a><\/h3>\n<p>La Secretar\u00eda de Derechos Humanos es el organismo dependiente del Ministerio de Justicia y Derechos Humanos de la Naci\u00f3n, encargado de proteger y promover los derechos humanos de todas las personas que habitan el territorio argentino.<br \/>\nEn este sentido, recibe denuncias y realiza el seguimiento de casos y situaciones por violaciones a los derechos humanos (civiles, pol\u00edticos, econ\u00f3micos, sociales, culturales, comunitarios y de incidencia colectiva) conjuntamente con los organismos nacionales, provinciales, municipales y organizaciones de la sociedad civil vinculadas a la tem\u00e1tica.<br \/>\nAsimismo, contribuye a fortalecer a una cultura de respeto y ejercicio de los derechos humanos, a trav\u00e9s de la formaci\u00f3n, promoci\u00f3n y difusi\u00f3n de derechos buscando empoderar al conjunto de la poblaci\u00f3n.<br \/>\nTambi\u00e9n asiste al Ministerio de Justicia y Derechos Humanos en todo lo concerniente a la elaboraci\u00f3n y ejecuci\u00f3n de pol\u00edticas y programas vinculados a los derechos humanos. Adem\u00e1s, coordina acciones con otros Ministerios del Poder Ejecutivo Nacional, el Poder Judicial, el Ministerio P\u00fablico, la Defensor\u00eda del Pueblo y el Congreso de la Naci\u00f3n, as\u00ed como tambi\u00e9n con organizaciones de la sociedad civil, en especial las organizaciones gubernamentales de derechos humanos.<\/p>\n<p>&nbsp;<\/p>\n<p><a href=\"https:\/\/www.argentina.gob.ar\/educacion\" target=\"_blank\" rel=\"noopener\"><img decoding=\"async\" loading=\"lazy\" title=\"logo nacion\" src=\"https:\/\/isfd98-bue.infd.edu.ar\/sitio\/wp-content\/uploads\/2018\/06\/logo-ministerio-de-educacion1.png\" alt=\"logo nacion\" width=\"170\" height=\"85\" border=\"0\" \/><\/a><\/p>\n<h3><a href=\"https:\/\/www.argentina.gob.ar\/educacion\" target=\"_blank\" rel=\"noopener\">Ministerio de Educaci\u00f3n de la Naci\u00f3n<br \/>\n<\/a><\/h3>\n<p><span style=\"font-size: 8pt;\">\u201c<em>Todos los problemas son problemas de educaci\u00f3n.<\/em>\u201d<\/span><br \/>\n<span style=\"font-size: 8pt;\">Domingo Faustino Sarmiento.<\/span><\/p>\n<p><a href=\"http:\/\/www.educ.ar\/\" target=\"_blank\" rel=\"noopener\"><img decoding=\"async\" title=\"LogoEducar\" src=\"https:\/\/isfd98-bue.infd.edu.ar\/sitio\/wp-content\/uploads\/2018\/06\/LogoEducar.png\" alt=\"LogoEducar\" border=\"0\" \/><\/a><\/p>\n<h3><span style=\"font-size: 10pt;\"><a href=\"http:\/\/www.educ.ar\/\" target=\"_blank\" rel=\"noopener\">Un portal para la inclusi\u00f3n, la calidad educativa y la innovaci\u00f3n en la sociedad del conocimiento<\/a><\/span><\/h3>\n<div class=\"cuerpo\">\n<p>educ.ar es el portal educativo del Ministerio de Educaci\u00f3n de la Argentina. Es un sitio con contenidos, plataforma de formaci\u00f3n a distancia y otros servicios del mundo digital, destinados a docentes, alumnos, familias, directivos, investigadores y organizaciones para incorporar las TIC (tecnolog\u00edas de la informaci\u00f3n y la comunicaci\u00f3n) a la educaci\u00f3n de la Argentina, ejecutar las pol\u00edticas definidas por el Ministerio de Educaci\u00f3n en materia de integraci\u00f3n de TIC en el sistema educativo y acompa\u00f1ar desde el espacio de la tecnolog\u00eda las l\u00edneas nacionales educativas que se implementan desde este Ministerio.<\/p>\n<\/div>\n<table border=\"0\">\n<tbody>\n<tr>\n<td scope=\"col\" align=\"center\" valign=\"middle\">\u00a0<a href=\"http:\/\/jovenesymemoria.comisionporlamemoria.net\/\" target=\"_blank\" rel=\"noopener\"><img decoding=\"async\" title=\"logo jovenes y memoria\" src=\"https:\/\/isfd98-bue.infd.edu.ar\/sitio\/wp-content\/uploads\/2018\/06\/logo_jovenes_y_memoria.png\" alt=\"logo jovenes y memoria\" border=\"0\" \/><\/a><\/td>\n<td>\n<h3><\/h3>\n<h3><a href=\"http:\/\/jovenesymemoria.comisionporlamemoria.net\/\" target=\"_blank\" rel=\"noopener\">J\u00f3venes y Memoria<\/a><\/h3>\n<h4><em>Recordamos el futuro<\/em><\/h4>\n<p>&nbsp;<\/td>\n<\/tr>\n<tr>\n<td colspan=\"2\" scope=\"col\" align=\"center\" valign=\"middle\"><span style=\"font-size: 10pt;\"><img decoding=\"async\" title=\"Linea punteada 100%\" src=\"https:\/\/isfd98-bue.infd.edu.ar\/sitio\/wp-content\/uploads\/2018\/06\/doted_line_100.gif\" alt=\"Linea punteada 100%\" border=\"0\" \/><\/span><\/td>\n<\/tr>\n<tr>\n<td colspan=\"2\" scope=\"col\" align=\"center\" valign=\"middle\"><span style=\"font-size: 10pt;\">\u00a0<img decoding=\"async\" title=\"Linea punteada 100%\" src=\"https:\/\/isfd98-bue.infd.edu.ar\/sitio\/wp-content\/uploads\/2018\/06\/doted_line_100.gif\" alt=\"Linea punteada 100%\" border=\"0\" \/>\u00a0<\/span><\/td>\n<\/tr>\n<tr>\n<td><span style=\"font-size: 10pt;\"><a href=\"http:\/\/red.infd.edu.ar\/formacion.php\" target=\"_blank\" rel=\"noopener\"><img decoding=\"async\" title=\"Logo Red infod\" src=\"https:\/\/isfd98-bue.infd.edu.ar\/sitio\/wp-content\/uploads\/2018\/06\/logo_red_infod.png\" alt=\"Logo Red infod\" width=\"150\" border=\"0\" \/><\/a><\/span><\/td>\n<td><span style=\"font-size: 10pt;\"><strong><a href=\"http:\/\/red.infd.edu.ar\/formacion.php\" target=\"_blank\" rel=\"noopener\">Seminarios virtuales\u00a0para estudiantes de todas las carreras docentes &#8211; 2013<\/a><\/strong><br \/>\n<em>\u00a0La inscripci\u00f3n es un compromiso de trabajo durante todas las semanas del curso.<\/em><br \/>\n<em>Cursar en la virtualidad supone horas de lectura y producci\u00f3n individual y grupal.<br \/>\n<\/em><\/span><\/td>\n<\/tr>\n<tr>\n<td colspan=\"2\"><span style=\"font-size: 10pt;\"><strong><a href=\"http:\/\/red.infd.edu.ar\/formacion.php\" target=\"_blank\" rel=\"noopener\"><img decoding=\"async\" title=\"Linea punteada 100%\" src=\"https:\/\/isfd98-bue.infd.edu.ar\/sitio\/wp-content\/uploads\/2018\/06\/doted_line_100.gif\" alt=\"Linea punteada 100%\" border=\"0\" \/><\/a><\/strong><\/span><\/td>\n<\/tr>\n<tr>\n<td colspan=\"2\"><span style=\"font-size: 10pt;\">\u00a0<\/span><\/p>\n<p><span style=\"font-size: 10pt;\"><strong>Art\u00edculo del INFOD<\/strong><em>\u00a0sobre la participaci\u00f3n democr\u00e1tica en la Instituci\u00f3n<\/em><\/span><\/p>\n<ul>\n<li><span style=\"font-size: 10pt;\">\u00ab<a href=\"http:\/\/red.infd.edu.ar\/articulos\/la-democratizacion-institucional-y-el-sentido-de-la-docencia\" target=\"_blank\" rel=\"noopener\">La democratizaci\u00f3n institucional y el sentido de la docencia<\/a>\u00ab<\/span><\/li>\n<\/ul>\n<\/td>\n<\/tr>\n<\/tbody>\n<\/table>\n","protected":false},"excerpt":{"rendered":"<p>Progresar, un nuevo derecho PROGRESAR es un nuevo derecho que tienen los j\u00f3venes entre los 18 y 24 a\u00f1os que no trabajan, trabajan informalmente o tienen un salario menor al m\u00ednimo Secretar\u00eda de Derechos Humanos La Secretar\u00eda de Derechos Humanos es el organismo dependiente del Ministerio de Justicia y Derechos Humanos de la Naci\u00f3n, encargado &#8230; <a title=\"Recursos\" class=\"read-more\" href=\"https:\/\/isfd98-bue.infd.edu.ar\/sitio\/recursos-2\/\" aria-label=\"More on Recursos\">[+]<\/a><\/p>\n","protected":false},"author":181,"featured_media":0,"parent":0,"menu_order":0,"comment_status":"closed","ping_status":"closed","template":"","meta":[],"acf":[],"_links":{"self":[{"href":"https:\/\/isfd98-bue.infd.edu.ar\/sitio\/wp-json\/wp\/v2\/pages\/992"}],"collection":[{"href":"https:\/\/isfd98-bue.infd.edu.ar\/sitio\/wp-json\/wp\/v2\/pages"}],"about":[{"href":"https:\/\/isfd98-bue.infd.edu.ar\/sitio\/wp-json\/wp\/v2\/types\/page"}],"author":[{"embeddable":true,"href":"https:\/\/isfd98-bue.infd.edu.ar\/sitio\/wp-json\/wp\/v2\/users\/181"}],"replies":[{"embeddable":true,"href":"https:\/\/isfd98-bue.infd.edu.ar\/sitio\/wp-json\/wp\/v2\/comments?post=992"}],"version-history":[{"count":3,"href":"https:\/\/isfd98-bue.infd.edu.ar\/sitio\/wp-json\/wp\/v2\/pages\/992\/revisions"}],"predecessor-version":[{"id":2203,"href":"https:\/\/isfd98-bue.infd.edu.ar\/sitio\/wp-json\/wp\/v2\/pages\/992\/revisions\/2203"}],"wp:attachment":[{"href":"https:\/\/isfd98-bue.infd.edu.ar\/sitio\/wp-json\/wp\/v2\/media?parent=992"}],"curies":[{"name":"wp","href":"https:\/\/api.w.org\/{rel}","templated":true}]}}