{"id":941,"date":"2018-06-28T00:07:36","date_gmt":"2018-06-28T03:07:36","guid":{"rendered":"https:\/\/isfd98-bue.infd.edu.ar\/sitio\/profesorado-de-educacion-fisica\/"},"modified":"2025-12-23T13:43:11","modified_gmt":"2025-12-23T16:43:11","slug":"profesorado-de-educacion-fisica","status":"publish","type":"page","link":"https:\/\/isfd98-bue.infd.edu.ar\/sitio\/profesorado-de-educacion-fisica\/","title":{"rendered":"Profesorado de Educaci\u00f3n F\u00edsica"},"content":{"rendered":"\n<div class=\"wp-block-media-text alignwide is-stacked-on-mobile\" style=\"grid-template-columns:15% auto\"><figure class=\"wp-block-media-text__media\"><img decoding=\"async\" loading=\"lazy\" width=\"512\" height=\"512\" src=\"https:\/\/isfd98-bue.infd.edu.ar\/sitio\/wp-content\/uploads\/2023\/09\/contact-form.png\" alt=\"\" class=\"wp-image-3398 size-full\" srcset=\"https:\/\/isfd98-bue.infd.edu.ar\/sitio\/wp-content\/uploads\/2023\/09\/contact-form.png 512w, https:\/\/isfd98-bue.infd.edu.ar\/sitio\/wp-content\/uploads\/2023\/09\/contact-form-500x500.png 500w\" sizes=\"(max-width: 512px) 100vw, 512px\" \/><\/figure><div class=\"wp-block-media-text__content\">\n<p><strong>INSCRIPCION: <a rel=\"noreferrer noopener\" href=\"https:\/\/isfd98-bue.infd.edu.ar\/sitio\/wp-content\/uploads\/2021\/04\/A1-Inscripcion_inicial.pdf\" target=\"_blank\"><mark style=\"background-color:rgba(0, 0, 0, 0);color:#f80505\" class=\"has-inline-color\">descargar <\/mark><mark style=\"background-color:rgba(0, 0, 0, 0);color:#fa0101\" class=\"has-inline-color\">Planilla <\/mark><mark style=\"background-color:rgba(0, 0, 0, 0);color:#fb0707\" class=\"has-inline-color\">de <\/mark><mark style=\"background-color:rgba(0, 0, 0, 0);color:#f80202\" class=\"has-inline-color\">Inscripci\u00f3n<\/mark><\/a><\/strong><\/p>\n<\/div><\/div>\n\n\n\n<div class=\"wp-block-columns is-layout-flex wp-container-3\">\n<div class=\"wp-block-column is-layout-flow\" style=\"flex-basis:33.33%\">\n<figure class=\"wp-block-image size-large is-resized\"><img decoding=\"async\" loading=\"lazy\" src=\"https:\/\/isfd98-bue.infd.edu.ar\/sitio\/wp-content\/uploads\/2023\/04\/abc-baeducacion-semana-ed-fisica-1900x1067.jpg\" alt=\"\" class=\"wp-image-3257\" width=\"314\" height=\"176\" srcset=\"https:\/\/isfd98-bue.infd.edu.ar\/sitio\/wp-content\/uploads\/2023\/04\/abc-baeducacion-semana-ed-fisica-1900x1067.jpg 1900w, https:\/\/isfd98-bue.infd.edu.ar\/sitio\/wp-content\/uploads\/2023\/04\/abc-baeducacion-semana-ed-fisica-1000x561.jpg 1000w, https:\/\/isfd98-bue.infd.edu.ar\/sitio\/wp-content\/uploads\/2023\/04\/abc-baeducacion-semana-ed-fisica-768x431.jpg 768w, https:\/\/isfd98-bue.infd.edu.ar\/sitio\/wp-content\/uploads\/2023\/04\/abc-baeducacion-semana-ed-fisica-1536x862.jpg 1536w, https:\/\/isfd98-bue.infd.edu.ar\/sitio\/wp-content\/uploads\/2023\/04\/abc-baeducacion-semana-ed-fisica-2048x1150.jpg 2048w\" sizes=\"(max-width: 314px) 100vw, 314px\" \/><\/figure>\n<\/div>\n\n\n\n<div class=\"wp-block-column is-layout-flow\" style=\"flex-basis:66.66%\">\n<figure class=\"wp-block-table\"><table class=\"has-fixed-layout\"><tbody><tr><td><strong><a href=\"https:\/\/isfd98-bue.infd.edu.ar\/sitio\/wp-content\/uploads\/2021\/10\/Presentacion-PROF.-EDUCACION-FISICA.pdf\" data-type=\"URL\" data-id=\"https:\/\/isfd98-bue.infd.edu.ar\/sitio\/wp-content\/uploads\/2021\/10\/Presentacion-PROF.-EDUCACION-FISICA.pdf\" target=\"_blank\" rel=\"noreferrer noopener\"><span class=\"has-inline-color has-vivid-red-color\">PRESENTACION DE LA CARRERA<\/span><\/a><\/strong><\/td><td><a href=\"https:\/\/isfd98-bue.infd.edu.ar\/sitio\/wp-content\/uploads\/2021\/10\/Presentacion-PROF.-EDUCACION-FISICA.pdf\" data-type=\"URL\" data-id=\"https:\/\/isfd98-bue.infd.edu.ar\/sitio\/wp-content\/uploads\/2021\/10\/Presentacion-PROF.-EDUCACION-FISICA.pdf\" target=\"_blank\" rel=\"noreferrer noopener\"><img decoding=\"async\" loading=\"lazy\" width=\"40\" height=\"40\" src=\"https:\/\/isfd98-bue.infd.edu.ar\/sitio\/wp-content\/uploads\/2018\/06\/pdf_icon.jpg\" alt=\"Archivos PDF\"><\/a><\/td><\/tr><tr><td><em>Opciones<\/em><\/td><td><\/td><\/tr><tr><td><a rel=\"noreferrer noopener\" href=\"https:\/\/isfd98-bue.infd.edu.ar\/sitio\/wp-content\/uploads\/sitio\/rprofesorado_educ_fisica_pcia_bsas_1.pdf\" target=\"_blank\"><strong><span class=\"has-inline-color has-vivid-red-color\">Dise\u00f1o Curricular<\/span><\/strong><\/a><\/td><td><a rel=\"noreferrer noopener\" href=\"https:\/\/isfd98-bue.infd.edu.ar\/sitio\/wp-content\/uploads\/sitio\/rprofesorado_educ_fisica_pcia_bsas_1.pdf\" target=\"_blank\"><img decoding=\"async\" loading=\"lazy\" width=\"40\" height=\"40\" src=\"https:\/\/isfd98-bue.infd.edu.ar\/sitio\/wp-content\/uploads\/2018\/06\/pdf_icon.jpg\" alt=\"Archivos PDF\"><\/a><\/td><\/tr><tr><td><a rel=\"noreferrer noopener\" href=\"https:\/\/isfd98-bue.infd.edu.ar\/sitio\/wp-content\/uploads\/sitio\/EstructuraCurricular_PFEF.pdf\" target=\"_blank\"><strong><span class=\"has-inline-color has-vivid-red-color\">Estructura Curricular<\/span><\/strong><\/a><\/td><td><a rel=\"noreferrer noopener\" href=\"https:\/\/isfd98-bue.infd.edu.ar\/sitio\/wp-content\/uploads\/sitio\/EstructuraCurricular_PFEF.pdf\" target=\"_blank\"><img decoding=\"async\" loading=\"lazy\" width=\"41\" height=\"41\" src=\"https:\/\/isfd98-bue.infd.edu.ar\/sitio\/wp-content\/uploads\/2018\/06\/pdf_icon_1.jpg\" alt=\"Archivos PDF\"><\/a><\/td><\/tr><tr><td><strong><a href=\"https:\/\/isfd98-bue.infd.edu.ar\/sitio\/wp-content\/uploads\/2024\/03\/Correlatividades_PFEF_2024.pdf\" target=\"_blank\" rel=\"noreferrer noopener\"><mark style=\"background-color:rgba(0, 0, 0, 0);color:#ff0000\" class=\"has-inline-color\">Correlatividades<\/mark><\/a><\/strong><\/td><td><a href=\"https:\/\/isfd98-bue.infd.edu.ar\/sitio\/wp-content\/uploads\/2024\/03\/Correlatividades_PFEF_2024.pdf\" target=\"_blank\" rel=\"noreferrer noopener\"><img decoding=\"async\" loading=\"lazy\" width=\"41\" height=\"41\" src=\"https:\/\/isfd98-bue.infd.edu.ar\/sitio\/wp-content\/uploads\/2018\/06\/pdf_icon_1.jpg\" alt=\"Archivos PDF\"><\/a><\/td><\/tr><tr><td><a href=\"https:\/\/isfd98-bue.infd.edu.ar\/sitio\/horario-profesorado-de-educacion-fisica\/\"><strong><span class=\"has-inline-color has-vivid-red-color\">Horarios<\/span><\/strong><\/a><\/td><td><a rel=\"noreferrer noopener\" href=\"https:\/\/isfd98-bue.infd.edu.ar\/sitio\/wp-content\/uploads\/2021\/04\/Horario-Profesorado-de-Educacion-Fisica-2021.pdf\" target=\"_blank\"><img decoding=\"async\" loading=\"lazy\" width=\"40\" height=\"40\" src=\"https:\/\/isfd98-bue.infd.edu.ar\/sitio\/wp-content\/uploads\/2018\/06\/pdf_icon_1.jpg\" alt=\"Archivos PDF\"><\/a><\/td><\/tr><\/tbody><\/table><\/figure>\n<\/div>\n<\/div>\n\n\n\n<p><\/p>\n\n\n\n<figure class=\"wp-block-table\"><table><tbody><tr><td><em><strong>DESCARGA CON CELULAR<\/strong><\/em><\/td><\/tr><tr><td>&nbsp;<img decoding=\"async\" loading=\"lazy\" class=\"alignnone wp-image-2053\" src=\"https:\/\/isfd98-bue.infd.edu.ar\/sitio\/wp-content\/uploads\/2021\/03\/qr_disenocurricular_pfef.png\" alt=\"\" width=\"180\" height=\"180\" srcset=\"https:\/\/isfd98-bue.infd.edu.ar\/sitio\/wp-content\/uploads\/2021\/03\/qr_disenocurricular_pfef.png 720w, https:\/\/isfd98-bue.infd.edu.ar\/sitio\/wp-content\/uploads\/2021\/03\/qr_disenocurricular_pfef-500x500.png 500w\" sizes=\"(max-width: 180px) 100vw, 180px\" \/><\/td><td><img decoding=\"async\" loading=\"lazy\" class=\"alignnone wp-image-2052\" src=\"https:\/\/isfd98-bue.infd.edu.ar\/sitio\/wp-content\/uploads\/2021\/03\/qr_estructuracurricular_pfef.png\" alt=\"\" width=\"180\" height=\"180\" srcset=\"https:\/\/isfd98-bue.infd.edu.ar\/sitio\/wp-content\/uploads\/2021\/03\/qr_estructuracurricular_pfef.png 720w, https:\/\/isfd98-bue.infd.edu.ar\/sitio\/wp-content\/uploads\/2021\/03\/qr_estructuracurricular_pfef-500x500.png 500w\" sizes=\"(max-width: 180px) 100vw, 180px\" \/><\/td><td>&nbsp;<img decoding=\"async\" loading=\"lazy\" width=\"1023\" height=\"1023\" class=\"wp-image-3678\" style=\"width: 180px;\" src=\"https:\/\/isfd98-bue.infd.edu.ar\/sitio\/wp-content\/uploads\/2024\/03\/Correlatividades_PFEF_2024.png\" alt=\"\" srcset=\"https:\/\/isfd98-bue.infd.edu.ar\/sitio\/wp-content\/uploads\/2024\/03\/Correlatividades_PFEF_2024.png 1023w, https:\/\/isfd98-bue.infd.edu.ar\/sitio\/wp-content\/uploads\/2024\/03\/Correlatividades_PFEF_2024-1000x1000.png 1000w, https:\/\/isfd98-bue.infd.edu.ar\/sitio\/wp-content\/uploads\/2024\/03\/Correlatividades_PFEF_2024-500x500.png 500w, https:\/\/isfd98-bue.infd.edu.ar\/sitio\/wp-content\/uploads\/2024\/03\/Correlatividades_PFEF_2024-768x768.png 768w\" sizes=\"(max-width: 1023px) 100vw, 1023px\" \/><\/td><\/tr><tr><td>&nbsp;Dise\u00f1o Curricular<\/td><td>&nbsp;Estructura Curricular<\/td><td>Correlatividades<\/td><\/tr><\/tbody><\/table><\/figure>\n","protected":false},"excerpt":{"rendered":"<p>INSCRIPCION: descargar Planilla de Inscripci\u00f3n PRESENTACION DE LA CARRERA Opciones Dise\u00f1o Curricular Estructura Curricular Correlatividades Horarios DESCARGA CON CELULAR &nbsp; &nbsp; &nbsp;Dise\u00f1o Curricular &nbsp;Estructura Curricular Correlatividades<\/p>\n","protected":false},"author":181,"featured_media":0,"parent":0,"menu_order":0,"comment_status":"closed","ping_status":"closed","template":"","meta":[],"acf":[],"_links":{"self":[{"href":"https:\/\/isfd98-bue.infd.edu.ar\/sitio\/wp-json\/wp\/v2\/pages\/941"}],"collection":[{"href":"https:\/\/isfd98-bue.infd.edu.ar\/sitio\/wp-json\/wp\/v2\/pages"}],"about":[{"href":"https:\/\/isfd98-bue.infd.edu.ar\/sitio\/wp-json\/wp\/v2\/types\/page"}],"author":[{"embeddable":true,"href":"https:\/\/isfd98-bue.infd.edu.ar\/sitio\/wp-json\/wp\/v2\/users\/181"}],"replies":[{"embeddable":true,"href":"https:\/\/isfd98-bue.infd.edu.ar\/sitio\/wp-json\/wp\/v2\/comments?post=941"}],"version-history":[{"count":15,"href":"https:\/\/isfd98-bue.infd.edu.ar\/sitio\/wp-json\/wp\/v2\/pages\/941\/revisions"}],"predecessor-version":[{"id":3832,"href":"https:\/\/isfd98-bue.infd.edu.ar\/sitio\/wp-json\/wp\/v2\/pages\/941\/revisions\/3832"}],"wp:attachment":[{"href":"https:\/\/isfd98-bue.infd.edu.ar\/sitio\/wp-json\/wp\/v2\/media?parent=941"}],"curies":[{"name":"wp","href":"https:\/\/api.w.org\/{rel}","templated":true}]}}