{"id":933,"date":"2018-06-28T00:07:34","date_gmt":"2018-06-28T03:07:34","guid":{"rendered":"https:\/\/isfd98-bue.infd.edu.ar\/sitio\/historia\/"},"modified":"2023-03-25T17:31:19","modified_gmt":"2023-03-25T20:31:19","slug":"historia","status":"publish","type":"page","link":"https:\/\/isfd98-bue.infd.edu.ar\/sitio\/historia\/","title":{"rendered":"Historia"},"content":{"rendered":"\n<div class=\"O\">\n<table border=\"0\">\n<tbody>\n<tr>\n<td>\n<div style=\"font-family: 'Trebuchet MS', Calibri, sans-serif; font-size: 13px;\">\n<div style=\"font-family: Verdana, Arial, Helvetica, sans-serif; font-size: 10px;\"><span style=\"font-size: 10pt;\">La Instituci\u00f3n abri\u00f3 sus puertas en 1913; en el edificio hist\u00f3rico de la calle Lastra (hoy Per\u00f3n) y en terrenos adyacentes. En 1967 se traslada al edificio de actual emplazamiento de Av. Lastra N\u00ba 552 de la localidad de Chascom\u00fas.<\/span><\/div>\n<div style=\"font-family: Verdana, Arial, Helvetica, sans-serif; font-size: 10px;\"><span style=\"font-size: 10pt;\">Goza del prestigio, afecto y reconocimiento de la comunidad en la que esta inserta.<\/span><\/div>\n<\/div>\n<\/td>\n<td><img decoding=\"async\" style=\"border: 0; vertical-align: baseline;\" title=\"Edificio Hist\u00f3rico\" src=\"https:\/\/isfd98-bue.infd.edu.ar\/sitio\/wp-content\/uploads\/2018\/06\/edificio02.jpg\" alt=\"Edificio Hist\u00f3rico\" width=\"300\" border=\"0\"><\/td>\n<\/tr>\n<tr>\n<td><img decoding=\"async\" style=\"border: 0;\" title=\"Edificio Actual\" src=\"https:\/\/isfd98-bue.infd.edu.ar\/sitio\/wp-content\/uploads\/2018\/06\/Normal10_1.jpg\" alt=\"Edificio Actual\" width=\"300\" border=\"0\"><\/td>\n<td><span style=\"font-size: 10pt;\">Cuenta con todos los niveles acad\u00e9micos, desde Educ. Inicial hasta el Prof. Superior de Formaci\u00f3n Docente. Su matr\u00edcula ronda los 1300 alumnos en la actualidad.<\/span>\n<p>&nbsp;<\/p>\n<div><span style=\"font-size: 10pt;\">La Escuela Normal Superior y el ISFD N\u00ba 98 se organizaron y crecieron en torno a ideas, s\u00edmbolos y valores que dan cuenta de una historia y una cultura institucionales con fuerte pregnancia docente. Su tradici\u00f3n formadora unifica m\u00faltiples relatos y experiencias compartidas que han dejado huella en la memoria de la comunidad educativa. Como un \u00e1rbol a\u00f1oso que se renueva en cada primavera, ha visto crecer nuevos brotes: as\u00ed, ciencia y docencia florecen juntas.<\/span><\/div>\n<\/td>\n<\/tr>\n<\/tbody>\n<\/table>\n<\/div>\n\n\n\n<p><strong>EN EL 2021 CELEBRAMOS LOS 50 A\u00d1OS DE LA EDUCACI\u00d3N SUPERIOR EN LA INSTITUCI\u00d3N.&nbsp;&nbsp;<\/strong><\/p>\n\n\n\n<p>El ISFD N\u00b0 98 es una instituci\u00f3n educativa p\u00fablica con una importante historia en la ciudad, ya que desde hace varias d\u00e9cadas se dedica a la formaci\u00f3n inicial de docentes que habitan y ejercen su profesi\u00f3n en las escuelas de la ciudad y la regi\u00f3n. Les compartimos un documental, en el que participan autoridades, graduados, docentes y estudiantes.<\/p>\n\n\n\n<figure class=\"wp-block-embed is-type-video is-provider-youtube wp-block-embed-youtube wp-embed-aspect-16-9 wp-has-aspect-ratio\"><div class=\"wp-block-embed__wrapper\">\n<iframe loading=\"lazy\" title=\"50 a\u00f1os del Nivel Superior - Escuela Normal Superior de Chascom\u00fas\" width=\"1200\" height=\"675\" src=\"https:\/\/www.youtube.com\/embed\/28WuD5WgpIw?feature=oembed\" frameborder=\"0\" allow=\"accelerometer; autoplay; clipboard-write; encrypted-media; gyroscope; picture-in-picture; web-share\" allowfullscreen><\/iframe>\n<\/div><\/figure>\n","protected":false},"excerpt":{"rendered":"<p>La Instituci\u00f3n abri\u00f3 sus puertas en 1913; en el edificio hist\u00f3rico de la calle Lastra (hoy Per\u00f3n) y en terrenos adyacentes. En 1967 se traslada al edificio de actual emplazamiento de Av. Lastra N\u00ba 552 de la localidad de Chascom\u00fas. Goza del prestigio, afecto y reconocimiento de la comunidad en la que esta inserta. Cuenta &#8230; <a title=\"Historia\" class=\"read-more\" href=\"https:\/\/isfd98-bue.infd.edu.ar\/sitio\/historia\/\" aria-label=\"More on Historia\">[+]<\/a><\/p>\n","protected":false},"author":181,"featured_media":0,"parent":0,"menu_order":0,"comment_status":"closed","ping_status":"closed","template":"","meta":[],"acf":[],"_links":{"self":[{"href":"https:\/\/isfd98-bue.infd.edu.ar\/sitio\/wp-json\/wp\/v2\/pages\/933"}],"collection":[{"href":"https:\/\/isfd98-bue.infd.edu.ar\/sitio\/wp-json\/wp\/v2\/pages"}],"about":[{"href":"https:\/\/isfd98-bue.infd.edu.ar\/sitio\/wp-json\/wp\/v2\/types\/page"}],"author":[{"embeddable":true,"href":"https:\/\/isfd98-bue.infd.edu.ar\/sitio\/wp-json\/wp\/v2\/users\/181"}],"replies":[{"embeddable":true,"href":"https:\/\/isfd98-bue.infd.edu.ar\/sitio\/wp-json\/wp\/v2\/comments?post=933"}],"version-history":[{"count":2,"href":"https:\/\/isfd98-bue.infd.edu.ar\/sitio\/wp-json\/wp\/v2\/pages\/933\/revisions"}],"predecessor-version":[{"id":3195,"href":"https:\/\/isfd98-bue.infd.edu.ar\/sitio\/wp-json\/wp\/v2\/pages\/933\/revisions\/3195"}],"wp:attachment":[{"href":"https:\/\/isfd98-bue.infd.edu.ar\/sitio\/wp-json\/wp\/v2\/media?parent=933"}],"curies":[{"name":"wp","href":"https:\/\/api.w.org\/{rel}","templated":true}]}}