{"id":916,"date":"2018-06-28T00:07:27","date_gmt":"2018-06-28T03:07:27","guid":{"rendered":"https:\/\/isfd98-bue.infd.edu.ar\/sitio\/eventos\/"},"modified":"2021-10-27T18:41:35","modified_gmt":"2021-10-27T21:41:35","slug":"eventos","status":"publish","type":"page","link":"https:\/\/isfd98-bue.infd.edu.ar\/sitio\/eventos\/","title":{"rendered":"Eventos"},"content":{"rendered":"\n<h2 class=\"wp-block-heading\"><em><strong>Presentaci\u00f3n de la oferta de Carreras 2022<\/strong><\/em><\/h2>\n\n\n\n<p>La Escuela Normal, el ISFD N\u00b098 y su Centro de Estudiantes invitan a la <em><strong>Presentaci\u00f3n de la oferta de Carreras 2022<\/strong><\/em><\/p>\n\n\n\n<p><strong>Lugar<\/strong>: Patio de la Escuela Normal.<\/p>\n\n\n\n<p><strong>Tambi\u00e9n se puede participar por ZOOM<br><\/strong>Join Zoom Meeting<br><a rel=\"noreferrer noopener\" href=\"https:\/\/zoom.us\/j\/98126050635?pwd=VHQ3Y3JraUM3a0QwaklKUVRETjVBUT09\" target=\"_blank\">https:\/\/zoom.us\/j\/98126050635?pwd=VHQ3Y3JraUM3a0QwaklKUVRETjVBUT09<\/a><br><em>Meeting ID<\/em>: <strong><span class=\"has-inline-color has-vivid-green-cyan-color\">981 2605 0635<\/span><\/strong><br><em>Passcode<\/em>: <strong><span class=\"has-inline-color has-vivid-green-cyan-color\">carreras<\/span><\/strong><\/p>\n\n\n\n<p><strong>Fecha<\/strong>: jueves 28\/10\/21&#x1f4dd;<br><strong>Horarios<\/strong>:<\/p>\n\n\n\n<ul><li>&#x1f55a; 11:00 a 12:30 Prof. de Biolog\u00eda y Prof de Historia<\/li><li>&#x1f550; 13:00 a 14:30 Prof. de Educaci\u00f3n F\u00edsica, Primaria y Especial (Sordos e Hipoac\u00fasicos)<\/li><\/ul>\n\n\n\n<p><strong>Destinatarios<\/strong>: estudiantes de \u00faltimo a\u00f1o de secundaria y todo p\u00fablico interesado.&#x1f465;<br><strong>Objetivo<\/strong>: Poner a disposici\u00f3n un espacio de di\u00e1logo e intercambio con docentes, graduadxs y estudiantes en torno a las carreras, campos de inserci\u00f3n profesional y tambi\u00e9n a la experiencia de formaci\u00f3n en nuestra instituci\u00f3n.<\/p>\n","protected":false},"excerpt":{"rendered":"<p>Presentaci\u00f3n de la oferta de Carreras 2022 La Escuela Normal, el ISFD N\u00b098 y su Centro de Estudiantes invitan a la Presentaci\u00f3n de la oferta de Carreras 2022 Lugar: Patio de la Escuela Normal. Tambi\u00e9n se puede participar por ZOOMJoin Zoom Meetinghttps:\/\/zoom.us\/j\/98126050635?pwd=VHQ3Y3JraUM3a0QwaklKUVRETjVBUT09Meeting ID: 981 2605 0635Passcode: carreras Fecha: jueves 28\/10\/21&#x1f4dd;Horarios: &#x1f55a; 11:00 a 12:30 Prof. &#8230; <a title=\"Eventos\" class=\"read-more\" href=\"https:\/\/isfd98-bue.infd.edu.ar\/sitio\/eventos\/\" aria-label=\"More on Eventos\">[+]<\/a><\/p>\n","protected":false},"author":181,"featured_media":0,"parent":0,"menu_order":0,"comment_status":"closed","ping_status":"closed","template":"","meta":[],"acf":[],"_links":{"self":[{"href":"https:\/\/isfd98-bue.infd.edu.ar\/sitio\/wp-json\/wp\/v2\/pages\/916"}],"collection":[{"href":"https:\/\/isfd98-bue.infd.edu.ar\/sitio\/wp-json\/wp\/v2\/pages"}],"about":[{"href":"https:\/\/isfd98-bue.infd.edu.ar\/sitio\/wp-json\/wp\/v2\/types\/page"}],"author":[{"embeddable":true,"href":"https:\/\/isfd98-bue.infd.edu.ar\/sitio\/wp-json\/wp\/v2\/users\/181"}],"replies":[{"embeddable":true,"href":"https:\/\/isfd98-bue.infd.edu.ar\/sitio\/wp-json\/wp\/v2\/comments?post=916"}],"version-history":[{"count":9,"href":"https:\/\/isfd98-bue.infd.edu.ar\/sitio\/wp-json\/wp\/v2\/pages\/916\/revisions"}],"predecessor-version":[{"id":2766,"href":"https:\/\/isfd98-bue.infd.edu.ar\/sitio\/wp-json\/wp\/v2\/pages\/916\/revisions\/2766"}],"wp:attachment":[{"href":"https:\/\/isfd98-bue.infd.edu.ar\/sitio\/wp-json\/wp\/v2\/media?parent=916"}],"curies":[{"name":"wp","href":"https:\/\/api.w.org\/{rel}","templated":true}]}}